6. Suppose 3*p - 110*r - 35 = -114*r, 5*p + 5*r = 55. Calculate x(p).
-37
Let u(t) = 5 - 5 + 1. Let i be (16/(-12))/(220/(-30) + 8). Let m(f) = -f**2 + 3*f - 5. Let h(g) = i*u(g) + m(g). Calculate h(5).
-17
Let o = -23529 - -23517. Let v(f) = -f**2 - 12*f + 33. Calculate v(o).
33
Let q(j) be the first derivative of 2*j**2 - 13*j - 6787. Determine q(10).
27
Let r(s) be the second derivative of s**5/10 - 25*s**4/12 - 2*s**3 - 11*s**2 - 6207*s. Give r(13).
-9
Suppose -30*f + 36*f + 384 = 0. Let n = f - -66. Suppose 2*b - 13 = -j, -2*b = n*j - 9 - 9. Let y(d) = d + 7. Give y(j).
12
Let v(m) = -89*m**2 - 28*m - 102. Let p(j) = -95*j**2 - 29*j - 109. Let x(y) = 15*p(y) - 16*v(y). Let l = 14 + -2. Calculate x(l).
9
Let v(l) be the third derivative of -l**6/5 - l**5/60 - l**4/24 + l**3/6 - 160*l**2. What is v(1)?
-25
Suppose 20 = 2*r - 3*t - 2, 0 = -r + 5*t + 25. Let f(s) = -30 + 5*s + s + 38 - r*s. Determine f(-12).
-4
Let t(u) = -u. Let w(v) = 2. Let s(q) = 3*t(q) - 3*w(q). Let d(n) = 2*n + 3. Let j(p) = 11*d(p) + 6*s(p). What is j(3)?
9
Let x(n) = -6*n - 18. Let i be x(-6). Suppose -p - 9 = -2*r, -3 + i = -4*p + r. Let l(z) = z**3 + 5*z**2 - 4*z. What is l(p)?
30
Let t be 130/70 + (-2)/(-14). Suppose -14 = -t*f + 4*v, -4*v - 5 = -f + 2*f. Let q(g) = -12*g**2 + f*g - 8 - 15*g**2 + 34*g**2 + g**3. Calculate q(-6).
10
Let b(q) = -1452*q + 8714. Let r be b(6). Let u(d) be the third derivative of -34*d**r + 7/6*d**3 - 1/60*d**5 + 0*d + 5/24*d**4 + 0. Determine u(7).
-7
Let m(s) = -34*s + 112*s - 34*s + 3 - 41*s - s**2. What is m(-3)?
-15
Let n(c) = 13*c**2 - 22*c**2 + 11 + 8*c**2 + 8*c. Suppose -5*q - 1935 = -1975. Determine n(q).
11
Let m(s) = s**3 + 13*s**2 - 4*s - 51. Let w be m(-13). Let d(v) = -3*v + 4*v - 6 + 5. What is d(w)?
0
Suppose 2*m + 4*y + 68 = 0, 5*y - 262 + 485 = -14*m. Let i(x) = x + 6 + 27 - 10. Calculate i(m).
11
Let q(f) = -f**2 + 3*f - 5. Suppose 32*v - 20*v - 128 = -52*v. Give q(v).
-3
Let v(d) be the second derivative of -1/6*d**3 + 2 - 5/2*d**2 + 21*d. Let a be (-12 - 0)*(-6)/(-9). What is v(a)?
3
Let n = 25530 - 25548. Let y(z) = 2*z**2 + 34*z + 22. Calculate y(n).
58
Let c(i) = -i**3 + 8*i**2 - 2*i - 6. Suppose 3 = p + 2, 0 = 4*s + 2*p + 34. Let k(y) = -5*y**3 + 33*y**2 - 9*y - 25. Let j(t) = s*c(t) + 2*k(t). What is j(-6)?
4
Let t(b) = -5*b - 6. Suppose 0 = -5*l - 3*g + 85, l + 0*g = -3*g + 5. Suppose 30 = -5*k + p, 3*k - l = 2*k - 5*p. Calculate t(k).
19
Suppose 8*n + 44*n + 506 = 6*n. Let v(o) = -o - 17. Give v(n).
-6
Let k(l) be the first derivative of -l - 3/2*l**2 + 21. Let f be (-4 + 0)/(2*-1). Determine k(f).
-7
Suppose -5*d + 1621 = 271. Let s be -4 - d/(-24) - 3/12. Let r(l) = l**3 - 8*l**2 + 7*l + 9. Calculate r(s).
9
Let r(c) be the third derivative of -19*c**2 + 1/120*c**6 - 1/12*c**5 - 5/6*c**3 + 1/6*c**4 + 0*c + 0. Determine r(4).
-5
Let v(o) = -4*o + 1. Let s(y) = y - 3. Let r(m) = 10*m - 14. Let u(h) = r(h) - s(h). Let c(q) = -u(q) - 2*v(q). Give c(11).
-2
Let f = -5754 + 5758. Let z(y) = 15*y - 58. What is z(f)?
2
Suppose 265*y - 2974 + 1337 = 3133. Let r(z) = -2*z**2 + 38*z - 29. Give r(y).
7
Let s(b) = -b**3 - 4*b**2 + 4*b + 2. Let g(i) = 4*i + 46. Let w be g(5). Suppose -12 + w = -18*f. What is s(f)?
-19
Suppose 6*f = 5*f + 43. Suppose -n + 28 = -11. Let c = f - n. Let k(t) = -t**3 + 4*t**2 - 5. Determine k(c).
-5
Suppose -242*a - 207*a = 449. Let f(n) = -32*n**2 - n - 1. What is f(a)?
-32
Suppose -4*w - 23 = -3*y, -2*w + 9*y - 6*y = 19. Let d(m) = -4*m**3 - m**2 + 2*m + 3. Let j(l) = 5*l**3 + l**2 - 2*l - 3. Let n(c) = 3*d(c) + 2*j(c). Give n(w).
11
Let t(u) be the first derivative of u**3/3 + 3*u - 276. Let k(h) = -3*h**2 - 16*h - 26. Let s(m) = -k(m) - 2*t(m). Calculate s(-15).
5
Let k = -2371 + 2361. Let m(p) = p**3 + 9*p**2 - 13*p + 10. Give m(k).
40
Let z(w) be the third derivative of -1/24*w**5 - 1/6*w**4 - 1/360*w**6 - 7/3*w**3 + 15*w**2 + 0 + 0*w. Let j(h) be the first derivative of z(h). Give j(-3).
2
Let c = -400 - -401. Let x be 6/16 - (-378)/(-112)*c. Let v(q) = q**3 + 5*q**2 - 4*q - 1. Determine v(x).
29
Let v be (-3)/(-6)*40/10. Let z(y) = 3*y**2 - 26*y + 7*y**2 + 19*y - 3*y**v + 13*y + 8 - y**3. Calculate z(8).
-8
Let z(w) be the second derivative of w**4/24 - w**3/3 - 15*w**2/2 - 11*w. Let k(h) be the first derivative of z(h). Suppose 0 = 21*x - 24*x + 3. Give k(x).
-1
Let a(g) = 52*g**2 - 366*g + 32. Let k(v) = 13*v**2 - 92*v + 8. Let r(t) = -6*a(t) + 23*k(t). Determine r(6).
4
Let s(z) = z**3 - z**2 - 3*z - 2. Suppose 0 = 3*y - 2*y, 0 = -p + 4*y + 20. Suppose p = -v + 23. Give s(v).
7
Let p(h) be the second derivative of -11*h**5/20 - 5*h**4/12 - h**3/3 - h**2 + 171*h - 4. Determine p(-2).
70
Let b(s) be the first derivative of 5/2*s**2 + 2*s + 92 + 1/3*s**3. Suppose -t - 10 = t. Calculate b(t).
2
Let m(p) = p**2 + 1. Let a(h) = 5*h**2 + 5*h + 6. Suppose 2 = -5*i + 12. Suppose -i*q - 23 = -21. Let f(d) = q*a(d) + 4*m(d). What is f(-3)?
4
Let q(y) be the third derivative of -y**6/120 - y**5/20 + y**4/12 - 5*y**2. Suppose -6*n - 1 = 17. What is q(n)?
-6
Suppose -5*w + 10 = 30, -2*u = 5*w + 26. Let q(t) = 5*t**3 - 6*t**2 - 2*t + 10. Let g be q(4). Let j(i) = g*i - 227*i - 1 + i**2 + i**2 + i**3. Determine j(u).
-7
Let c = -5 - 0. Let l(d) = 7 - 4 + 13 - 7 + d - 2 - 9. Determine l(c).
-7
Let p = -116 + 119. Let k(z) = -z**2 + 2*z**2 - 273*z - 1 + 4*z**2 + 269*z + z**p. Let i(q) = q - 1. Let u be i(-5). Determine k(u).
-13
Let f be 2/((-26)/(-67)) - 11/((-286)/(-4)). Let r(o) = 17*o - 75. What is r(f)?
10
Let d(b) = -b**3 - 4469 + 4469 - 10*b + 9*b**2. Suppose 4*v - 1 - 31 = 0. What is d(v)?
-16
Let s(w) = 2*w**3 - w**2 + w - 2. Let m(i) = -5*i**3 + 6*i**2 + 2. Let c(z) = m(z) + 2*s(z). Let u be ((-2)/4)/(-1)*6. What is c(u)?
13
Let s(i) = 11*i**2 + 1. Suppose 4*u = -2*b + 10, -u - b - 3 + 7 = 0. Let q be s(u). Let f(n) = -n**3 + 12*n**2 + n - 9. Give f(q).
3
Let l(a) = -a**2 - 3*a + 3. Let m(o) = -109*o - 21. Let r be m(-1). Let u = -86 + r. Calculate l(u).
-7
Let s(p) = -1 - 20 - 10*p + 15*p + 10 - 25. Calculate s(13).
29
Let n be (-6)/5*60/8 + 1. Let j = n - 1. Let p(c) = c**2 + 9*c + 11. Determine p(j).
11
Let a(d) = -2*d**2 - 6*d - 5. Let q(z) = 0*z**2 + 3 + z**2 - 10*z - 9*z + 21*z. Let x(t) = -3*a(t) - 5*q(t). What is x(-3)?
-15
Suppose -31 = 4*x - 80*r + 75*r, -3*x = r + 28. Let u(o) = 2*o + 34. What is u(x)?
16
Suppose q - 2*q = 4. Let t = 153 + -151. Let b(o) = 194*o**2 + 8*o - 2 - 193*o**t - 2. Give b(q).
-20
Let b(p) = 198*p - 3. Let h(s) = -247*s + 4. Let w(u) = 5*b(u) + 4*h(u). Suppose -t = 3*l - 2*t + 3, 2*l - 3*t = 5. What is w(l)?
-3
Let w(p) = 6*p + 1 + 3*p - p. Suppose 340 = 7*y + 291. Suppose -3*l - 2*g = -y*l - 12, -4*l + 5*g = 24. Determine w(l).
-7
Let z(t) = 5*t - 66. Let p be ((-50)/(-2) + -19)/(4/6). Determine z(p).
-21
Let z(h) = -h**2 + 2*h - 2. Suppose 102 = 23*b + 11*b. Let v(a) = a**2 - 2*a + 2. Let r(n) = b*z(n) + 2*v(n). Suppose o + 20 = 6*o. Give r(o).
-10
Let b(f) = 4*f**2 - 1. Let l = -105 - -110. Suppose 11*j - l*j - 12 = 0. Suppose 5*x - 2*x = 4*u + 13, u + j*x = 5. Determine b(u).
3
Let o(f) = 18*f - 30. Let a = -11490 + 11492. What is o(a)?
6
Suppose 6*t + 15 = t. Let q be t + (100/(-40) - (-1)/2). Let m(v) = v - 2. Calculate m(q).
-7
Let m be (-30)/4 + 3/6. Let i(n) = 62 + 6*n**2 + 0*n**2 - 7*n**2 + 64 - 8*n - 135. Determine i(m).
-2
Suppose 18*c + 13 + 77 = 0. Let x(o) be the third derivative of -o**5/60 - o**4/6 + 11*o**3/6 - 105*o**2. What is x(c)?
6
Let m(g) = -2 - 8*g - 8 - 12 + 27. Determine m(-7).
61
Let g be (50/175)/((-1)/(-7)). Let t be (2 - -1) + -10 - (g + -3). Let f(h) = h**2 - h - 1. What is f(t)?
41
Let r(w) = 6*w**3 - 4*w**2 + 8*w - 5. Let l(c) = c**3 + 2*c + 2. Let n(f) = 5*l(f) - r(f). Give n(3).
30
Suppose 0 = -0*m + 2*m - 4. Suppose -4 = j + m. Let q(a) be the third derivative of a**4/12 - 7*a**3/6 - 800*a**2. Calculate q(j).
-19
Let l(t) be the third derivative of -t**4/24 + t**3/6 - t**2. Let y(v) = 169*v + 671. Let o be y(-4). What is l(o)?
6
Let h(b) = -5*b**3 + b**2. Let f be h(1). Let y(l) be the first derivative of 3*l - 1/4*l**4 - 5/2*l**2 - 5/3*l**3 - 54. Determine y(f).
7
Let o(c) = -7*c - 10. Let g be o(-2). Suppose 12*s = -g*s. Let m(t) = 4*t**2 - 6*t + 8*t**3 + 3*t - 1 + s - 7*t**3. Determine m(-5).
-11
Let h(b) be 